factors of 1252893?
3, 417631
What are the prime factors of 9401513?
11, 854683
What are the prime factors of 62071?
62071
What are the prime factors of 188346?
2, 3, 31391
List the prime factors of 234789.
3, 61, 1283
What are the prime factors of 700942?
2, 11, 151, 211
List the prime factors of 21588659.
3691, 5849
List the prime factors of 1858540.
2, 5, 92927
What are the prime factors of 5452941?
3, 13, 89, 1571
What are the prime factors of 338934?
2, 3, 56489
What are the prime factors of 35281?
35281
List the prime factors of 3433530.
2, 3, 5, 114451
List the prime factors of 39322.
2, 19661
What are the prime factors of 923432?
2, 115429
List the prime factors of 129169.
129169
What are the prime factors of 1365893?
167, 8179
List the prime factors of 407840.
2, 5, 2549
List the prime factors of 7629285.
3, 5, 508619
List the prime factors of 217190.
2, 5, 37, 587
What are the prime factors of 1093801?
59, 18539
What are the prime factors of 1626050?
2, 5, 17, 1913
List the prime factors of 21761768.
2, 7, 17, 22859
List the prime factors of 2644735.
5, 528947
What are the prime factors of 3857975?
5, 11, 14029
List the prime factors of 1886596.
2, 471649
List the prime factors of 419566.
2, 7, 23, 1303
What are the prime factors of 12589644?
2, 3, 1049137
List the prime factors of 17414.
2, 8707
List the prime factors of 613079.
307, 1997
List the prime factors of 273743.
457, 599
List the prime factors of 97820.
2, 5, 67, 73
What are the prime factors of 178276?
2, 7, 6367
What are the prime factors of 537222?
2, 3, 7, 12791
List the prime factors of 311816.
2, 38977
List the prime factors of 196139.
196139
List the prime factors of 3096714.
2, 3, 31, 16649
List the prime factors of 239519.
7, 34217
What are the prime factors of 131272?
2, 61, 269
What are the prime factors of 1882580?
2, 5, 7, 17, 113
List the prime factors of 787746.
2, 3, 17, 7723
What are the prime factors of 427979?
37, 43, 269
List the prime factors of 113400.
2, 3, 5, 7
What are the prime factors of 10241885?
5, 181, 11317
What are the prime factors of 8410392?
2, 3, 12979
List the prime factors of 16180996.
2, 13, 311173
List the prime factors of 989745.
3, 5, 65983
List the prime factors of 468469.
17, 1621
List the prime factors of 785307.
3, 67, 3907
List the prime factors of 318188.
2, 13, 29, 211
List the prime factors of 1423529.
17, 83737
What are the prime factors of 1327866?
2, 3, 221311
List the prime factors of 32629708.
2, 37, 220471
What are the prime factors of 422012?
2, 105503
What are the prime factors of 168040?
2, 5, 4201
List the prime factors of 468592.
2, 29287
What are the prime factors of 1049815?
5, 13, 31, 521
List the prime factors of 1014759.
3, 137, 823
List the prime factors of 2745397.
2745397
List the prime factors of 7255656.
2, 3, 11197
List the prime factors of 1298095.
5, 259619
List the prime factors of 1026663.
3, 11, 53, 587
List the prime factors of 14788420.
2, 5, 101, 7321
List the prime factors of 10846034.
2, 17, 319001
What are the prime factors of 119676?
2, 3, 9973
List the prime factors of 12504798.
2, 3, 661, 1051
What are the prime factors of 733605?
3, 5, 48907
List the prime factors of 4448026.
2, 11, 202183
List the prime factors of 659354.
2, 329677
What are the prime factors of 284625?
3, 5, 11, 23
List the prime factors of 441140.
2, 5, 7, 23, 137
What are the prime factors of 702053?
11, 63823
What are the prime factors of 40486?
2, 31, 653
List the prime factors of 1280110.
2, 5, 13, 43, 229
What are the prime factors of 2981818?
2, 7, 212987
List the prime factors of 341938.
2, 17, 89, 113
List the prime factors of 202375.
5, 1619
What are the prime factors of 2257550?
2, 5, 163, 277
List the prime factors of 4911251.
4911251
What are the prime factors of 1632901?
17, 96053
What are the prime factors of 78807?
3, 109, 241
List the prime factors of 7481593.
7, 331, 3229
List the prime factors of 150729.
3, 47, 1069
What are the prime factors of 1080341?
1080341
What are the prime factors of 8835380?
2, 5, 19, 23251
List the prime factors of 6517455.
3, 5, 7, 62071
List the prime factors of 151478.
2, 23, 37, 89
What are the prime factors of 90267?
3, 30089
What are the prime factors of 101133?
3, 17, 661
What are the prime factors of 450770?
2, 5, 45077
What are the prime factors of 15050537?
15050537
List the prime factors of 22066.
2, 11, 17, 59
What are the prime factors of 225767?
225767
What are the prime factors of 196624?
2, 12289
List the prime factors of 2950908.
2, 3, 245909
What are the prime factors of 16192109?
17, 113, 8429
What are the prime factors of 761108?
2, 179, 1063
List the prime factors of 3346051.
41, 81611
List the prime factors of 2111233.
73, 28921
List the prime factors of 3780281.
3780281
List the prime factors of 5456325.
3, 5, 7, 19, 547
List the prime factors of 1940472.
2, 3, 26951
List the prime factors of 6990480.
2, 3, 5, 7, 19, 73
What are the prime factors of 177483?
3, 67, 883
List the prime factors of 980854.
2, 7, 70061
List the prime factors of 610726.
2, 305363
List the prime factors of 162964.
2, 131, 311
List the prime factors of 937113.
3, 312371
What are the prime factors of 132183?
3, 19, 773
What are the prime factors of 3675249?
3, 408361
What are the prime factors of 3785324?
2, 946331
What are the prime factors of 3489822?
2, 3, 7, 27697
List the prime factors of 52331.
43, 1217
List the prime factors of 2951904.
2, 3, 97, 317
List the prime factors of 59000.
2, 5, 59
What are the prime factors of 206032?
2, 79, 163
What are the prime factors of 360483?
3, 107, 1123
What are the prime factors of 317345?
5, 7, 9067
What are the prime factors of 3753556?
2, 43, 139, 157
What are the prime factors of 79103?
79103
List the prime factors of 329399.
7, 47057
What are the prime factors of 6588738?
2, 3, 13, 37, 761
List the prime factors of 6295955.
5, 1259191
List the prime factors of 756046.
2, 378023
List the prime factors of 169085.
5, 7, 4831
What are the prime factors of 37448?
2, 31, 151
List the prime factors of 1484384.
2, 11, 4217
What are the prime factors of 3245171?
3245171
List the prime factors of 1047757.
53, 373
What are the prime factors of 223980?
2, 3, 5, 3733
What are the prime factors of 16728932?
2, 11, 380203
List the prime factors of 864823.
19, 23, 1979
List the prime factors of 24600849.
3, 7, 13, 97, 929
List the prime factors of 168582.
2, 3, 28097
List the prime factors of 42808.
2, 5351
What are the prime factors of 205484?
2, 47, 1093
What are the prime factors of 91945?
5, 7, 37, 71
List the prime factors of 1265244.
2, 3, 105437
List the prime factors of 505099.
7, 59, 1223
List the prime factors of 315737.
71, 4447
List the prime factors of 145917.
3, 31, 523
What are the prime factors of 1882879?
107, 17597
List the prime factors of 1049903.
17, 151, 409
What are the prime factors of 7559252?
2, 41, 46093
What are the prime factors of 4785459?
3, 7, 181, 1259
List the prime factors of 3056418.
2, 3, 277, 613
List the prime factors of 10787875.
5, 7, 12329
List the prime factors of 22144622.
2, 499, 22189
List the prime factors of 16306393.
67, 257, 947
What are the prime factors of 5308816?
2, 331801
List the prime factors of 794543.
794543
What are the prime factors of 1749368?
2, 17, 19, 677
What are the prime factors of 3268338?
2, 3, 544723
List the prime factors of 162414.
2, 3, 7, 1289
List the prime factors of 580247.
401, 1447
What are the prime factors of 432270?
2, 3, 5, 1601
List the prime factors of 48748.
2, 7, 1741
List the prime factors of 1812733.
13, 19, 41, 179
List the prime factors of 1296302.
2, 7, 92593
What are the prime factors of 10493489?
10493489
What are the prime factors of 79874?
2, 39937
List the prime factors of 40002953.
67, 597059
List the prime factors of 917890.
2, 5, 19, 4831
What are the prime factors of 7464502?
2, 827, 4513
What are the prime factors of 115970?
2, 5, 11597
What are the prime factors of 1517625?
3, 5, 19, 71
What are the prime factors of 340278?
2, 3, 56713
What are the prime factors of 1424101?
7, 131, 1553
List the prime factors of 127059.
3, 41, 1033
List the prime factors of 1662352.
2, 107, 971
What are the prime factors of 14381?
73, 197
List the prime f